{"id":16,"date":"2017-05-05T12:50:03","date_gmt":"2017-05-05T12:50:03","guid":{"rendered":"https:\/\/ebjornson.com\/research\/?page_id=16"},"modified":"2024-07-16T13:45:34","modified_gmt":"2024-07-16T13:45:34","slug":"presentations","status":"publish","type":"page","link":"https:\/\/ebjornson.com\/research\/presentations\/","title":{"rendered":"Presentations"},"content":{"rendered":"\n<p>You can find many of my video presentations and lectures on the YouTube channel <a href=\"https:\/\/www.youtube.com\/wirelessfuture\">Wireless Future<\/a>. This page contains a non-exhaustive list of playlists with videos.<\/p>\n\n\n\n<p class=\"has-text-align-center\"><strong>Playlist: 6G Communications<\/strong><\/p>\n\n\n\n<center><iframe loading=\"lazy\" width=\"560\" height=\"315\" src=\"https:\/\/www.youtube.com\/embed\/videoseries?list=PLTv48TzNRhaJo4C-YD3MyhX1vXQGatc7x\" title=\"YouTube video player\" frameborder=\"0\" allow=\"accelerometer; autoplay; clipboard-write; encrypted-media; gyroscope; picture-in-picture\" allowfullscreen=\"\"><\/iframe><\/center>\n\n\n\n<p class=\"has-text-align-center\"><br><strong>Playlist: Frequently Asked Questions<\/strong><\/p>\n\n\n\n<center><iframe loading=\"lazy\" width=\"560\" height=\"315\" src=\"https:\/\/www.youtube.com\/embed\/videoseries?si=4bweMRvwPPVny2zg&amp;list=PLTv48TzNRhaL3AcboZBPHjV0SZr7IFD7s\" title=\"YouTube video player\" frameborder=\"0\" allow=\"accelerometer; autoplay; clipboard-write; encrypted-media; gyroscope; picture-in-picture; web-share\" referrerpolicy=\"strict-origin-when-cross-origin\" allowfullscreen><\/iframe><\/center>\n\n\n\n<p class=\"has-text-align-center\"><br><strong>Playlist: <strong>Fundamentals of mmWave Communication<\/strong><\/strong><\/p>\n\n\n\n<center><iframe loading=\"lazy\" width=\"560\" height=\"315\" src=\"https:\/\/www.youtube.com\/embed\/videoseries?si=x9Vkzky6Lj9u29Hu&amp;list=PLTv48TzNRhaLEjWwoVVYMzuz5Ocb-MH1o\" title=\"YouTube video player\" frameborder=\"0\" allow=\"accelerometer; autoplay; clipboard-write; encrypted-media; gyroscope; picture-in-picture; web-share\" referrerpolicy=\"strict-origin-when-cross-origin\" allowfullscreen><\/iframe><\/center>\n\n\n\n<p class=\"has-text-align-center\"><br><strong>Playlist: Basics of Cellular Massive MIMO<\/strong><\/p>\n\n\n\n<center><iframe loading=\"lazy\" width=\"560\" height=\"315\" src=\"https:\/\/www.youtube.com\/embed\/videoseries?list=PLTv48TzNRhaKOPQ_nDTHzSDJK36AKuqaW\" title=\"YouTube video player\" frameborder=\"0\" allow=\"accelerometer; autoplay; clipboard-write; encrypted-media; gyroscope; picture-in-picture\" allowfullscreen=\"\"><\/iframe><\/center>\n\n\n\n<p class=\"has-text-align-center\"><br><strong>Playlist: Basics of Cell-free Massive MIMO<\/strong><\/p>\n\n\n\n<center><iframe loading=\"lazy\" width=\"560\" height=\"315\" src=\"https:\/\/www.youtube.com\/embed\/videoseries?list=PLTv48TzNRhaK53kZrzjrOmHQ0dyzzmgJi\" title=\"YouTube video player\" frameborder=\"0\" allow=\"accelerometer; autoplay; clipboard-write; encrypted-media; gyroscope; picture-in-picture\" allowfullscreen=\"\"><\/iframe><\/center>\n\n\n\n<p class=\"has-text-align-center\"><br><strong>Playlist: Reconfigurable Intelligent Surfaces for 6G<\/strong><\/p>\n\n\n\n<center><iframe loading=\"lazy\" width=\"560\" height=\"315\" src=\"https:\/\/www.youtube.com\/embed\/videoseries?list=PLTv48TzNRhaIpCSh2KsBTiAUS50TWJ7yW\" title=\"YouTube video player\" frameborder=\"0\" allow=\"accelerometer; autoplay; clipboard-write; encrypted-media; gyroscope; picture-in-picture\" allowfullscreen=\"\"><\/iframe><\/center>\n\n\n\n<p class=\"has-text-align-center\"><br><strong>Playlist: Introduction to Multiple Antenna Communications<\/strong><\/p>\n\n\n\n<center><iframe loading=\"lazy\" width=\"560\" height=\"315\" src=\"https:\/\/www.youtube.com\/embed\/videoseries?list=PLTv48TzNRhaKz0C-dCAwimXSypV_5UTxg\" title=\"YouTube video player\" frameborder=\"0\" allow=\"accelerometer; autoplay; clipboard-write; encrypted-media; gyroscope; picture-in-picture\" allowfullscreen=\"\"><\/iframe><\/center>\n\n\n\n<p class=\"has-text-align-center\"><strong>Playlist: Course on Multiple Antenna Communications (from 2021)<\/strong><\/p>\n\n\n\n<center><iframe loading=\"lazy\" width=\"560\" height=\"315\" src=\"https:\/\/www.youtube.com\/embed\/videoseries?si=9Q6d0TMr7Zk1wmZh&amp;list=PLTv48TzNRhaJ66mW48MI_HBBawupV_ZR_\" title=\"YouTube video player\" frameborder=\"0\" allow=\"accelerometer; autoplay; clipboard-write; encrypted-media; gyroscope; picture-in-picture; web-share\" referrerpolicy=\"strict-origin-when-cross-origin\" allowfullscreen><\/iframe><\/center>\n\n\n\n<p class=\"has-text-align-center\"><br><strong>Book: <\/strong><a href=\"https:\/\/massivemimobook.com\/\" data-type=\"URL\" data-id=\"https:\/\/massivemimobook.com\/\">Massive MIMO Networks: Spectral, Energy, and Hardware Efficiency<\/a><\/p>\n\n\n\n<center><iframe loading=\"lazy\" width=\"560\" height=\"315\" src=\"https:\/\/www.youtube.com\/embed\/videoseries?list=PLTv48TzNRhaJgRYRtB0QieU4CEpMDTvHU\" title=\"YouTube video player\" frameborder=\"0\" allow=\"accelerometer; autoplay; clipboard-write; encrypted-media; gyroscope; picture-in-picture\" allowfullscreen=\"\"><\/iframe><\/center>\n\n\n\n<p class=\"has-text-align-center\"><br><br><strong>Older presentations<\/strong><\/p>\n\n\n\n<p>\u201cSmart Signal Processing for Massive MIMO in 5G and Beyond\u201d Webinar filmed at Link\u00f6ping University, September 24, 2018. (<a href=\"https:\/\/github.com\/emilbjornson\/presentation_slides\/blob\/master\/webinar_smart_signal_processing.pdf\">Download slides<\/a>)<\/p>\n\n\n\n<p class=\"has-text-align-center\"><iframe loading=\"lazy\" src=\"https:\/\/www.youtube.com\/embed\/OkTHsTHPTQA\" width=\"560\" height=\"315\" frameborder=\"0\" allowfullscreen=\"allowfullscreen\"><\/iframe><\/p>\n\n\n\n<p>\u201c<a href=\"https:\/\/www.comsoc.org\/webinars\/designing-energy-efficient-5g-networks-when-massive-meets-small\">Designing Energy Efficient 5G Networks: When Massive Meets Small<\/a>\u201d Webinar in the IEEE ComSoc Webinar Series, June 20, 2018.\u00a0(<a href=\"https:\/\/github.com\/emilbjornson\/presentation_slides\/blob\/master\/webinar_energy_efficiency.pdf\" data-type=\"URL\" data-id=\"https:\/\/github.com\/emilbjornson\/presentation_slides\/blob\/master\/webinar_energy_efficiency.pdf\">Download slides<\/a>)<\/p>\n\n\n\n<p class=\"has-text-align-center\"><iframe loading=\"lazy\" src=\"https:\/\/www.youtube.com\/embed\/xJok6sdXXxY\" width=\"560\" height=\"315\" frameborder=\"0\" allowfullscreen=\"allowfullscreen\"><\/iframe><\/p>\n\n\n\n<p>\u201cWhich Variables Can be Optimized in Wireless Communications?\u201d Seminar filmed at Link\u00f6ping University, May 10, 2018. (<a href=\"https:\/\/github.com\/emilbjornson\/presentation_slides\/blob\/master\/which_variables_can_be_optimized.pdf\" data-type=\"URL\" data-id=\"https:\/\/github.com\/emilbjornson\/presentation_slides\/blob\/master\/which_variables_can_be_optimized.pdf\">Download slides<\/a>)<\/p>\n\n\n\n<p class=\"has-text-align-center\"><iframe loading=\"lazy\" src=\"https:\/\/www.youtube.com\/embed\/hSxl4IwHuMg\" width=\"560\" height=\"315\" frameborder=\"0\" allowfullscreen=\"allowfullscreen\"><\/iframe><\/p>\n\n\n\n<p class=\"has-text-align-left\">\u201c<a href=\"https:\/\/5g.ieee.org\/education\/webinars\/massive-mimo-for-5g-below-6-ghz\">Massive MIMO for 5G below 6 GHz:\u00a0Achieving Spectral Efficiency, Link Reliability, and Low-Power Operation<\/a>\u201d Webinar in the IEEE 5G Webinar Series, January 17, 2018. (<a href=\"https:\/\/github.com\/emilbjornson\/presentation_slides\/blob\/master\/webinar_MIMO_below_6.pdf\" data-type=\"URL\" data-id=\"https:\/\/github.com\/emilbjornson\/presentation_slides\/blob\/master\/webinar_MIMO_below_6.pdf\">Download slides<\/a>)<\/p>\n\n\n\n<p class=\"has-text-align-center\"><iframe loading=\"lazy\" src=\"https:\/\/www.youtube.com\/embed\/qjqYRHYLoWo\" width=\"560\" height=\"315\" frameborder=\"0\" allowfullscreen=\"allowfullscreen\"><\/iframe><\/p>\n\n\n\n<p class=\"has-text-align-left\">\u201c<a href=\"https:\/\/youtu.be\/m9wEAucKoWo\">Massive MIMO for 5G: How Big Can it Get?<\/a>\u201d Webinar in the IEEE ComSoc Webinar Series, November 9, 2017. (<a href=\"https:\/\/github.com\/emilbjornson\/presentation_slides\/blob\/master\/webinar_how_big_can_it_get.pdf\" data-type=\"URL\" data-id=\"https:\/\/github.com\/emilbjornson\/presentation_slides\/blob\/master\/webinar_how_big_can_it_get.pdf\">Download slides<\/a>)<\/p>\n\n\n\n<p class=\"has-text-align-center\"><iframe loading=\"lazy\" src=\"https:\/\/www.youtube.com\/embed\/m9wEAucKoWo\" width=\"560\" height=\"315\" frameborder=\"0\" allowfullscreen=\"allowfullscreen\"><\/iframe><\/p>\n\n\n\n<p class=\"has-text-align-left\">\u201c<a href=\"https:\/\/youtu.be\/zN7_npagPHY\">How will wireless 5G technology handle 1 000 times more data?<\/a>\u201d Popular science talk, recorded in Link\u00f6ping, November 2017.\u00a0(<a href=\"https:\/\/github.com\/emilbjornson\/presentation_slides\/raw\/master\/5G_1000_times_more_data.pdf\" data-type=\"URL\" data-id=\"https:\/\/github.com\/emilbjornson\/presentation_slides\/raw\/master\/5G_1000_times_more_data.pdf\">Download slides<\/a>)<\/p>\n\n\n\n<p class=\"has-text-align-center\"><iframe loading=\"lazy\" src=\"https:\/\/www.youtube.com\/embed\/zN7_npagPHY\" width=\"560\" height=\"315\" frameborder=\"0\" allowfullscreen=\"allowfullscreen\"><\/iframe><\/p>\n\n\n\n<p>\u201c<a href=\"https:\/\/youtu.be\/NFfxUOCICFA\">Advanced Signal Processing for Massive MIMO<\/a>\u201d 3-hour tutorial given at the&nbsp;2017 Joint IEEE SPS and EURASIP Summer School on Signal Processing for 5G Wireless Access (Chalmers University of Technology, Gothenburg, Sweden, May 29, 2017).<\/p>\n\n\n\n<p class=\"has-text-align-center\"><iframe loading=\"lazy\" src=\"https:\/\/www.youtube.com\/embed\/NFfxUOCICFA\" width=\"560\" height=\"315\" frameborder=\"0\" allowfullscreen=\"allowfullscreen\"><\/iframe><\/p>\n\n\n\n<p>\u201c<a href=\"https:\/\/github.com\/emilbjornson\/presentation_slides\/blob\/master\/globecom2016_TUT4_massiveMIMO.pdf\" data-type=\"URL\" data-id=\"https:\/\/github.com\/emilbjornson\/presentation_slides\/blob\/master\/globecom2016_TUT4_massiveMIMO.pdf\">The Massive MIMO Paradigm &#8211; Fundamentals and State-of-the-Art<\/a>\u201d 3-hour tutorial given at IEEE GLOBECOM 2016 (Washington D.C., USA, December 4, 2016), 5Gwireless Training Event (Dresden, Germany, September 19, 2016), and Tyrrhenian International Workshop on Digital Communications (Livorno, Italy, September 13, 2016).<\/p>\n\n\n\n<p>\u201c<a href=\"https:\/\/github.com\/emilbjornson\/presentation_slides\/blob\/master\/presentation_massiveMIMO5G.pdf\" data-type=\"URL\" data-id=\"https:\/\/github.com\/emilbjornson\/presentation_slides\/blob\/master\/presentation_massiveMIMO5G.pdf\">Massive MIMO for 5G: Recent Theory<\/a>\u201d Second part of a 3-hour tutorial given at IEEE SPAWC 2015 (Stockholm, Sweden, June 29, 2015) and at IEEE ICC 2015 (London, UK, June 8, 2015). The first part was given by Prof. Erik G. Larsson.<\/p>\n\n\n\n<p>\u201c<a href=\"https:\/\/github.com\/emilbjornson\/presentation_slides\/blob\/master\/tutorialVTCspring.pdf\" data-type=\"URL\" data-id=\"https:\/\/github.com\/emilbjornson\/presentation_slides\/blob\/master\/tutorialVTCspring.pdf\">Optimizing 5G Networks for Energy-Efficiency: Dense or Massive MIMO or Both?<\/a>\u201d 3-hour tutorial at IEEE VTC-Spring 2015 (jointly with Dr. Luca Sanguinetti), Glasgow, UK, May 11, 2015.<\/p>\n\n\n\n<p>\u201c<a href=\"https:\/\/github.com\/emilbjornson\/presentation_slides\/blob\/master\/presentation_5wireless.pdf\">The Path Towards 5G: Massive MIMO<\/a>\u201d Overview tutorial given at IEEE ICC 2015 (London, UK, June 12, 2015) and IEEE VTC-Spring (Glasgow, UK, May 11, 2015).<\/p>\n\n\n\n<p>\u201c<a href=\"https:\/\/github.com\/emilbjornson\/presentation_slides\/blob\/master\/presentation_docent.pdf\" data-type=\"URL\" data-id=\"https:\/\/github.com\/emilbjornson\/presentation_slides\/blob\/master\/presentation_docent.pdf\">Increasing the Spectral Efficiency of Future Wireless Networks<\/a>\u201d Docent lecture in Communication Systems, Link\u00f6ping University, February 2, 2015.<\/p>\n\n\n\n<p>\u201c<a href=\"https:\/\/github.com\/emilbjornson\/presentation_slides\/blob\/master\/presentation_massiveMIMOmagic.pdf\" data-type=\"URL\" data-id=\"https:\/\/github.com\/emilbjornson\/presentation_slides\/blob\/master\/presentation_massiveMIMOmagic.pdf\">Massive MIMO: Bringing the Magic of Asymptotic Analysis to Wireless Networks<\/a>\u201d Series of seminars given at:\u00a0IEEE International Workshop on Computer-Aided Modeling Analysis and Design of Communication Links and Networks (CAMAD), Athens, Greece (December 2014), Huawei, Paris, France (November 2014), University of Luxembourg, Luxembourg (July 2014), KTH Royal Institute of Technology, Stockholm, Sweden, at Main Campus (May 2014) and Campus Kista (April 2014) and WCNC Workshop on Wireless Evolution Beyond 2020, Istanbul, Turkey (April 2014).<\/p>\n\n\n\n<p>\u201c<a href=\"https:\/\/github.com\/emilbjornson\/presentation_slides\/blob\/master\/presentation_5green.pdf\" data-type=\"URL\" data-id=\"https:\/\/github.com\/emilbjornson\/presentation_slides\/blob\/master\/presentation_5green.pdf\">Energy-Efficient Communication in Wireless Networks: Small or massive MIMO?<\/a>,\u201d Lecture at 5GrEEn Summer School on Energy Efficient Mobile Networks, Stockholm, Sweden, August 26, 2014.<\/p>\n\n\n\n<p>\u201c<a href=\"https:\/\/github.com\/emilbjornson\/presentation_slides\/blob\/master\/bjornson-newcom2014.pptx\" data-type=\"URL\" data-id=\"https:\/\/github.com\/emilbjornson\/presentation_slides\/blob\/master\/bjornson-newcom2014.pptx\">Signal Processing for Optimal Radio Resource Management: Fundamentals and Recent Multi-Cell Advances<\/a>,\u201d Lecture at Newcom# Spring School on Advanced Signal Processing Techniques for Heterogeneous Networks, Pisa, Italy, March 20, 2014.<\/p>\n\n\n\n<p>\u201c<a href=\"https:\/\/github.com\/emilbjornson\/presentation_slides\/blob\/master\/presentation_greentouch2013.pptx\" data-type=\"URL\" data-id=\"https:\/\/github.com\/emilbjornson\/presentation_slides\/blob\/master\/presentation_greentouch2013.pptx\">Designing Multi-User MIMO for Energy Efficiency: When is Massive MIMO the Answer?<\/a>,\u201d Invited seminar at Greentouch Open Forum, Orange Labs, Paris, France, November 7, 2013.<\/p>\n\n\n\n<p>\u201c<a href=\"https:\/\/github.com\/emilbjornson\/presentation_slides\/blob\/master\/presentation_linkoping2013fall.pptx\" data-type=\"URL\" data-id=\"https:\/\/github.com\/emilbjornson\/presentation_slides\/blob\/master\/presentation_linkoping2013fall.pptx\">Massive MIMO Systems with Non-Ideal Hardware: How does it Affect Energy Efficiency, Estimation, and Throughput?<\/a>,\u201d Invited seminar at the Communication Systems Division, Link\u00f6ping University, Link\u00f6ping, Sweden, October 16, 2013.<\/p>\n\n\n\n<p>\u201c<a href=\"https:\/\/github.com\/emilbjornson\/presentation_slides\/blob\/master\/presentation_GdR_ISIS_Ondes.pptx\" data-type=\"URL\" data-id=\"https:\/\/github.com\/emilbjornson\/presentation_slides\/blob\/master\/presentation_GdR_ISIS_Ondes.pptx\">Large-Scale MIMO in Cellular Networks: Hardware Challenges and High Energy Efficiency<\/a>,\u201d Seminar at workshop D\u00e9veloppements r\u00e9cents en focalisation et communication par retournement temporal, Paris Tech, Paris, France, September 26, 2013.<\/p>\n\n\n\n<p>\u201cOptimal Resource Allocation in Coordinated\u00a0Multi-Cell Systems.\u201d\u00a0<a href=\"https:\/\/github.com\/emilbjornson\/presentation_slides\/blob\/master\/tutorial_pimrc2013_bjornson_jorswieck_part1.pdf\" data-type=\"URL\" data-id=\"https:\/\/github.com\/emilbjornson\/presentation_slides\/blob\/master\/tutorial_pimrc2013_bjornson_jorswieck_part1.pdf\">Part 1<\/a>\u00a0and\u00a0<a href=\"https:\/\/github.com\/emilbjornson\/presentation_slides\/blob\/master\/tutorial_pimrc2013_bjornson_jorswieck_part2.pdf\">Part 2<\/a>. 3-hour tutorial at IEEE PIMRC 2013 (jointly with Prof. Eduard Jorswieck), London, UK, September 8, 2013.<\/p>\n\n\n\n<p>\u201c<a href=\"https:\/\/github.com\/emilbjornson\/presentation_slides\/blob\/master\/presentation_fnt-book.pptx\" data-type=\"URL\" data-id=\"https:\/\/github.com\/emilbjornson\/presentation_slides\/blob\/master\/presentation_fnt-book.pptx\">Optimal Resource Allocation in Coordinated Multi-Cell Systems<\/a>\u201d Series of seminars based on the book with the same name. Given at: Ericsson Research, Link\u00f6ping, Sweden (October 2014); EURECOM (September 2013); Signal Processing and Optimization for Wireless Communications Workshop: In Memory of Are Hj\u00f8rungnes (May 2013); Chalmers University of Technology (March 2013); KTH Royal Institute of Technology, Stockholm, Sweden (February 2013); Bell Labs, Stuttgart, Germany (February 2013); Link\u00f6ping University, Link\u00f6ping, Sweden (January 2013); Bell Labs, Paris, France (November 2012); Sup\u00e9lec, Gif-sur-Yvette, France (October 2012); Ericsson Research, Stockholm, Sweden (December 2011); University of Luxembourg, Luxembourg (November 2010).<\/p>\n","protected":false},"excerpt":{"rendered":"<p>You can find many of my video presentations and lectures on the YouTube channel Wireless Future. This page contains a non-exhaustive list of playlists with videos. Playlist: 6G Communications Playlist: Frequently Asked Questions Playlist: Fundamentals of mmWave Communication Playlist: Basics of Cellular Massive MIMO Playlist: Basics of Cell-free Massive MIMO Playlist: Reconfigurable Intelligent Surfaces for [&hellip;]<\/p>\n","protected":false},"author":1,"featured_media":0,"parent":0,"menu_order":0,"comment_status":"closed","ping_status":"closed","template":"","meta":[],"_links":{"self":[{"href":"https:\/\/ebjornson.com\/research\/wp-json\/wp\/v2\/pages\/16"}],"collection":[{"href":"https:\/\/ebjornson.com\/research\/wp-json\/wp\/v2\/pages"}],"about":[{"href":"https:\/\/ebjornson.com\/research\/wp-json\/wp\/v2\/types\/page"}],"author":[{"embeddable":true,"href":"https:\/\/ebjornson.com\/research\/wp-json\/wp\/v2\/users\/1"}],"replies":[{"embeddable":true,"href":"https:\/\/ebjornson.com\/research\/wp-json\/wp\/v2\/comments?post=16"}],"version-history":[{"count":19,"href":"https:\/\/ebjornson.com\/research\/wp-json\/wp\/v2\/pages\/16\/revisions"}],"predecessor-version":[{"id":1068,"href":"https:\/\/ebjornson.com\/research\/wp-json\/wp\/v2\/pages\/16\/revisions\/1068"}],"wp:attachment":[{"href":"https:\/\/ebjornson.com\/research\/wp-json\/wp\/v2\/media?parent=16"}],"curies":[{"name":"wp","href":"https:\/\/api.w.org\/{rel}","templated":true}]}}